[INFO] fetching crate drone-stm32 0.8.3...
[INFO] checking drone-stm32-0.8.3 against try#72f88fc4e9458f89516a0b8b0868f3718aec5b47 for pr-74989
[INFO] extracting crate drone-stm32 0.8.3 into /workspace/builds/worker-3/source
[INFO] validating manifest of crates.io crate drone-stm32 0.8.3 on toolchain 72f88fc4e9458f89516a0b8b0868f3718aec5b47
[INFO] running `Command { std: "/workspace/cargo-home/bin/cargo" "+72f88fc4e9458f89516a0b8b0868f3718aec5b47" "read-manifest" "--manifest-path" "Cargo.toml", kill_on_drop: false }`
[INFO] removed /workspace/builds/worker-3/source/.cargo/config
[INFO] started tweaking crates.io crate drone-stm32 0.8.3
[INFO] finished tweaking crates.io crate drone-stm32 0.8.3
[INFO] tweaked toml for crates.io crate drone-stm32 0.8.3 written to /workspace/builds/worker-3/source/Cargo.toml
[INFO] running `Command { std: "/workspace/cargo-home/bin/cargo" "+72f88fc4e9458f89516a0b8b0868f3718aec5b47" "generate-lockfile" "--manifest-path" "Cargo.toml" "-Zno-index-update", kill_on_drop: false }`
[INFO] [stderr]     Blocking waiting for file lock on package cache
[INFO] running `Command { std: "/workspace/cargo-home/bin/cargo" "+72f88fc4e9458f89516a0b8b0868f3718aec5b47" "fetch" "--locked" "--manifest-path" "Cargo.toml", kill_on_drop: false }`
[INFO] [stderr]     Blocking waiting for file lock on package cache
[INFO] running `Command { std: "docker" "create" "-v" "/var/lib/crater-agent-workspace/builds/worker-3/target:/opt/rustwide/target:rw,Z" "-v" "/var/lib/crater-agent-workspace/builds/worker-3/source:/opt/rustwide/workdir:ro,Z" "-v" "/var/lib/crater-agent-workspace/cargo-home:/opt/rustwide/cargo-home:ro,Z" "-v" "/var/lib/crater-agent-workspace/rustup-home:/opt/rustwide/rustup-home:ro,Z" "-e" "SOURCE_DIR=/opt/rustwide/workdir" "-e" "CARGO_TARGET_DIR=/opt/rustwide/target" "-e" "CARGO_HOME=/opt/rustwide/cargo-home" "-e" "RUSTUP_HOME=/opt/rustwide/rustup-home" "-w" "/opt/rustwide/workdir" "-m" "1610612736" "--user" "0:0" "--network" "none" "rustops/crates-build-env@sha256:d92eaeed33fa75130ca1ee6c8a01d1ffb62bac859dfdfb3450e3e5d1c0146529" "/opt/rustwide/cargo-home/bin/cargo" "+72f88fc4e9458f89516a0b8b0868f3718aec5b47" "metadata" "--no-deps" "--format-version=1", kill_on_drop: false }`
[INFO] [stdout] ebaa4ffccf8356a2b30391609823cc748709c8279044cf77be41b0722f467775
[INFO] [stderr] WARNING: Your kernel does not support swap limit capabilities or the cgroup is not mounted. Memory limited without swap.
[INFO] running `Command { std: "docker" "start" "-a" "ebaa4ffccf8356a2b30391609823cc748709c8279044cf77be41b0722f467775", kill_on_drop: false }`
[INFO] running `Command { std: "docker" "inspect" "ebaa4ffccf8356a2b30391609823cc748709c8279044cf77be41b0722f467775", kill_on_drop: false }`
[INFO] running `Command { std: "docker" "rm" "-f" "ebaa4ffccf8356a2b30391609823cc748709c8279044cf77be41b0722f467775", kill_on_drop: false }`
[INFO] [stdout] ebaa4ffccf8356a2b30391609823cc748709c8279044cf77be41b0722f467775
[INFO] running `Command { std: "docker" "create" "-v" "/var/lib/crater-agent-workspace/builds/worker-3/target:/opt/rustwide/target:rw,Z" "-v" "/var/lib/crater-agent-workspace/builds/worker-3/source:/opt/rustwide/workdir:ro,Z" "-v" "/var/lib/crater-agent-workspace/cargo-home:/opt/rustwide/cargo-home:ro,Z" "-v" "/var/lib/crater-agent-workspace/rustup-home:/opt/rustwide/rustup-home:ro,Z" "-e" "SOURCE_DIR=/opt/rustwide/workdir" "-e" "CARGO_TARGET_DIR=/opt/rustwide/target" "-e" "CARGO_INCREMENTAL=0" "-e" "RUST_BACKTRACE=full" "-e" "RUSTFLAGS=--cap-lints=forbid" "-e" "CARGO_HOME=/opt/rustwide/cargo-home" "-e" "RUSTUP_HOME=/opt/rustwide/rustup-home" "-w" "/opt/rustwide/workdir" "-m" "1610612736" "--user" "0:0" "--network" "none" "rustops/crates-build-env@sha256:d92eaeed33fa75130ca1ee6c8a01d1ffb62bac859dfdfb3450e3e5d1c0146529" "/opt/rustwide/cargo-home/bin/cargo" "+72f88fc4e9458f89516a0b8b0868f3718aec5b47" "check" "--frozen" "--all" "--all-targets" "--message-format=json", kill_on_drop: false }`
[INFO] [stdout] b6279e16d82a048d30b5ef12d7728f951a5c0809d7efe74b1d8cb29aefe965e6
[INFO] [stderr] WARNING: Your kernel does not support swap limit capabilities or the cgroup is not mounted. Memory limited without swap.
[INFO] running `Command { std: "docker" "start" "-a" "b6279e16d82a048d30b5ef12d7728f951a5c0809d7efe74b1d8cb29aefe965e6", kill_on_drop: false }`
[INFO] [stderr]     Checking futures-core-preview v0.2.3
[INFO] [stderr]    Compiling memchr v2.3.3
[INFO] [stderr]    Compiling proc-macro2 v1.0.21
[INFO] [stderr]    Compiling proc-macro2 v0.4.30
[INFO] [stderr]    Compiling cfg-if v0.1.10
[INFO] [stderr]    Compiling unicode-xid v0.2.1
[INFO] [stderr]    Compiling lazy_static v1.4.0
[INFO] [stderr]    Compiling log v0.4.11
[INFO] [stderr]    Compiling libc v0.2.77
[INFO] [stderr]    Compiling regex-syntax v0.6.18
[INFO] [stderr]    Compiling serde v1.0.116
[INFO] [stderr]    Compiling adler v0.2.3
[INFO] [stderr]    Compiling gimli v0.22.0
[INFO] [stderr]    Compiling syn v1.0.40
[INFO] [stderr]    Compiling bitflags v0.7.0
[INFO] [stderr]    Compiling serde_derive v1.0.116
[INFO] [stderr]    Compiling unicode-xid v0.0.4
[INFO] [stderr]    Compiling rustc-demangle v0.1.16
[INFO] [stderr]    Compiling object v0.20.0
[INFO] [stderr]    Compiling quote v0.3.15
[INFO] [stderr]    Compiling if_chain v0.1.3
[INFO] [stderr]     Checking drone-ctypes v0.8.3
[INFO] [stderr]     Checking failure v0.1.1
[INFO] [stderr]    Compiling thread_local v1.0.1
[INFO] [stderr]    Compiling xml-rs v0.3.6
[INFO] [stderr]    Compiling miniz_oxide v0.4.1
[INFO] [stderr]     Checking futures-channel-preview v0.2.2
[INFO] [stderr]     Checking futures-io-preview v0.2.2
[INFO] [stderr]    Compiling synom v0.11.3
[INFO] [stderr]     Checking futures-sink-preview v0.2.2
[INFO] [stderr]     Checking futures-util-preview v0.2.2
[INFO] [stderr]    Compiling syn v0.11.11
[INFO] [stderr]    Compiling log v0.3.9
[INFO] [stderr]    Compiling aho-corasick v0.7.13
[INFO] [stderr]    Compiling quote v1.0.7
[INFO] [stderr]    Compiling quote v0.6.13
[INFO] [stderr]     Checking futures-executor-preview v0.2.2
[INFO] [stderr]    Compiling syn v0.14.9
[INFO] [stderr]     Checking futures-stable-preview v0.2.3
[INFO] [stderr]     Checking futures-async-runtime-preview v0.2.3
[INFO] [stderr]     Checking futures-preview v0.2.2
[INFO] [stderr]    Compiling synstructure v0.6.1
[INFO] [stderr]    Compiling failure_derive v0.1.1
[INFO] [stderr]    Compiling regex v1.3.9
[INFO] [stderr]    Compiling addr2line v0.13.0
[INFO] [stderr]    Compiling backtrace v0.3.50
[INFO] [stderr]    Compiling drone-mirror-failure v0.1.1
[INFO] [stderr]    Compiling Inflector v0.11.4
[INFO] [stderr]    Compiling drone-macros-core v0.8.3
[INFO] [stderr]    Compiling drone-core-macros v0.8.3
[INFO] [stderr]    Compiling drone-stm32-macros v0.8.3
[INFO] [stdout] error[E0599]: no function or associated item named `def_site` found for struct `proc_macro2::Span` in the current scope
[INFO] [stdout]   --> /opt/rustwide/cargo-home/registry/src/github.com-1ecc6299db9ec823/drone-stm32-macros-0.8.3/src/sv.rs:34:38
[INFO] [stdout]    |
[INFO] [stdout] 34 |   let (def_site, call_site) = (Span::def_site(), Span::call_site());
[INFO] [stdout]    |                                      ^^^^^^^^ function or associated item not found in `proc_macro2::Span`
[INFO] [stdout] 
[INFO] [stdout] 
[INFO] [stdout] error[E0599]: no function or associated item named `def_site` found for struct `proc_macro2::Span` in the current scope
[INFO] [stdout]   --> /opt/rustwide/cargo-home/registry/src/github.com-1ecc6299db9ec823/drone-stm32-macros-0.8.3/src/vtable.rs:86:38
[INFO] [stdout]    |
[INFO] [stdout] 86 |   let (def_site, call_site) = (Span::def_site(), Span::call_site());
[INFO] [stdout]    |                                      ^^^^^^^^ function or associated item not found in `proc_macro2::Span`
[INFO] [stdout] 
[INFO] [stdout] 
[INFO] [stdout] error: aborting due to 2 previous errors
[INFO] [stdout] 
[INFO] [stdout] 
[INFO] [stdout] For more information about this error, try `rustc --explain E0599`.
[INFO] [stdout] 
[INFO] [stderr] error: could not compile `drone-stm32-macros`.
[INFO] [stderr] 
[INFO] [stderr] To learn more, run the command again with --verbose.
[INFO] [stderr] warning: build failed, waiting for other jobs to finish...
[INFO] [stdout] error[E0599]: no function or associated item named `def_site` found for struct `proc_macro2::Span` in the current scope
[INFO] [stdout]    --> /opt/rustwide/cargo-home/registry/src/github.com-1ecc6299db9ec823/drone-core-macros-0.8.3/src/bitfield.rs:106:38
[INFO] [stdout]     |
[INFO] [stdout] 106 |   let (def_site, call_site) = (Span::def_site(), Span::call_site());
[INFO] [stdout]     |                                      ^^^^^^^^ function or associated item not found in `proc_macro2::Span`
[INFO] [stdout] 
[INFO] [stdout] 
[INFO] [stdout] error[E0599]: no function or associated item named `def_site` found for struct `proc_macro2::Span` in the current scope
[INFO] [stdout]   --> /opt/rustwide/cargo-home/registry/src/github.com-1ecc6299db9ec823/drone-core-macros-0.8.3/src/drv/driver.rs:36:24
[INFO] [stdout]    |
[INFO] [stdout] 36 |   let def_site = Span::def_site();
[INFO] [stdout]    |                        ^^^^^^^^ function or associated item not found in `proc_macro2::Span`
[INFO] [stdout] 
[INFO] [stdout] 
[INFO] [stdout] error[E0599]: no function or associated item named `def_site` found for struct `proc_macro2::Span` in the current scope
[INFO] [stdout]  --> /opt/rustwide/cargo-home/registry/src/github.com-1ecc6299db9ec823/drone-core-macros-0.8.3/src/drv/resource.rs:6:24
[INFO] [stdout]   |
[INFO] [stdout] 6 |   let def_site = Span::def_site();
[INFO] [stdout]   |                        ^^^^^^^^ function or associated item not found in `proc_macro2::Span`
[INFO] [stdout] 
[INFO] [stdout] 
[INFO] [stdout] error[E0599]: no function or associated item named `def_site` found for struct `proc_macro2::Span` in the current scope
[INFO] [stdout]   --> /opt/rustwide/cargo-home/registry/src/github.com-1ecc6299db9ec823/drone-core-macros-0.8.3/src/heap.rs:67:38
[INFO] [stdout]    |
[INFO] [stdout] 67 |   let (def_site, call_site) = (Span::def_site(), Span::call_site());
[INFO] [stdout]    |                                      ^^^^^^^^ function or associated item not found in `proc_macro2::Span`
[INFO] [stdout] 
[INFO] [stdout] 
[INFO] [stdout] error[E0599]: no function or associated item named `def_site` found for struct `proc_macro2::Span` in the current scope
[INFO] [stdout]    --> /opt/rustwide/cargo-home/registry/src/github.com-1ecc6299db9ec823/drone-core-macros-0.8.3/src/reg/map.rs:102:38
[INFO] [stdout]     |
[INFO] [stdout] 102 |   let (def_site, call_site) = (Span::def_site(), Span::call_site());
[INFO] [stdout]     |                                      ^^^^^^^^ function or associated item not found in `proc_macro2::Span`
[INFO] [stdout] 
[INFO] [stdout] 
[INFO] [stdout] error[E0599]: no function or associated item named `def_site` found for struct `proc_macro2::Span` in the current scope
[INFO] [stdout]    --> /opt/rustwide/cargo-home/registry/src/github.com-1ecc6299db9ec823/drone-core-macros-0.8.3/src/reg/map.rs:292:38
[INFO] [stdout]     |
[INFO] [stdout] 292 |   let (def_site, call_site) = (Span::def_site(), Span::call_site());
[INFO] [stdout]     |                                      ^^^^^^^^ function or associated item not found in `proc_macro2::Span`
[INFO] [stdout] 
[INFO] [stdout] 
[INFO] [stdout] error[E0599]: no function or associated item named `def_site` found for struct `proc_macro2::Span` in the current scope
[INFO] [stdout]    --> /opt/rustwide/cargo-home/registry/src/github.com-1ecc6299db9ec823/drone-core-macros-0.8.3/src/reg/tokens.rs:105:38
[INFO] [stdout]     |
[INFO] [stdout] 105 |   let (def_site, call_site) = (Span::def_site(), Span::call_site());
[INFO] [stdout]     |                                      ^^^^^^^^ function or associated item not found in `proc_macro2::Span`
[INFO] [stdout] 
[INFO] [stdout] 
[INFO] [stdout] error[E0599]: no function or associated item named `def_site` found for struct `proc_macro2::Span` in the current scope
[INFO] [stdout]   --> /opt/rustwide/cargo-home/registry/src/github.com-1ecc6299db9ec823/drone-core-macros-0.8.3/src/thr.rs:48:38
[INFO] [stdout]    |
[INFO] [stdout] 48 |   let (def_site, call_site) = (Span::def_site(), Span::call_site());
[INFO] [stdout]    |                                      ^^^^^^^^ function or associated item not found in `proc_macro2::Span`
[INFO] [stdout] 
[INFO] [stdout] 
[INFO] [stdout] error: aborting due to 8 previous errors
[INFO] [stdout] 
[INFO] [stdout] 
[INFO] [stdout] For more information about this error, try `rustc --explain E0599`.
[INFO] [stdout] 
[INFO] [stderr] error: build failed
[INFO] running `Command { std: "docker" "inspect" "b6279e16d82a048d30b5ef12d7728f951a5c0809d7efe74b1d8cb29aefe965e6", kill_on_drop: false }`
[INFO] running `Command { std: "docker" "rm" "-f" "b6279e16d82a048d30b5ef12d7728f951a5c0809d7efe74b1d8cb29aefe965e6", kill_on_drop: false }`
[INFO] [stdout] b6279e16d82a048d30b5ef12d7728f951a5c0809d7efe74b1d8cb29aefe965e6
